?
4571417
What are the prime factors of 1099069760?
2, 5, 107, 32099
What are the prime factors of 413383436?
2, 2437, 42407
List the prime factors of 55121864.
2, 7, 140617
What are the prime factors of 329973257?
329973257
What are the prime factors of 140261187?
3, 11, 1201, 3539
What are the prime factors of 770985898?
2, 23, 149, 197, 571
What are the prime factors of 3673339481?
7, 17, 30868399
What are the prime factors of 315344831?
315344831
List the prime factors of 108438057.
3, 7, 13, 132403
List the prime factors of 29926477.
7, 17, 251483
List the prime factors of 1453920453.
3, 5209, 31013
List the prime factors of 105880334.
2, 7, 29, 251, 1039
What are the prime factors of 1378163901?
3, 37, 617, 20123
What are the prime factors of 50676141?
3, 1049, 16103
List the prime factors of 5723374287.
3, 31, 47, 1309397
List the prime factors of 124162504.
2, 1103, 14071
List the prime factors of 6696907867.
13, 59, 8731301
What are the prime factors of 75683758?
2, 37841879
What are the prime factors of 35639388?
2, 3, 673, 1471
List the prime factors of 167448643.
37, 379, 11941
What are the prime factors of 656970244?
2, 7, 61, 54949
What are the prime factors of 3170205?
3, 5, 23, 1021
List the prime factors of 137587008.
2, 3, 13, 199, 277
List the prime factors of 219343699.
607, 361357
List the prime factors of 2880190964.
2, 7, 59, 1743457
What are the prime factors of 35429141?
11, 3220831
List the prime factors of 222768432.
2, 3, 23, 67261
What are the prime factors of 90977398?
2, 45488699
What are the prime factors of 3211588577?
3211588577
What are the prime factors of 167902256?
2, 61, 172031
List the prime factors of 2742451941.
3, 103, 8875249
List the prime factors of 14748660.
2, 3, 5, 81937
What are the prime factors of 295369935?
3, 5, 7, 2813047
What are the prime factors of 233216967?
3, 6959, 11171
List the prime factors of 382280911.
13241, 28871
List the prime factors of 1602956110.
2, 5, 7, 1741, 1879
What are the prime factors of 1562159879?
7, 19, 1607, 7309
What are the prime factors of 912241258?
2, 359, 1270531
What are the prime factors of 244846620?
2, 3, 5, 1360259
List the prime factors of 788061922.
2, 1171, 336491
What are the prime factors of 36209075?
5, 7, 206909
List the prime factors of 60564014.
2, 7, 23, 127, 1481
What are the prime factors of 3407052?
2, 3, 11, 53, 487
What are the prime factors of 3158153542?
2, 1579076771
What are the prime factors of 12576021?
3, 4192007
What are the prime factors of 223438347?
3, 11, 19, 118787
What are the prime factors of 656727991?
19753, 33247
What are the prime factors of 229973585?
5, 47, 978611
List the prime factors of 65163558.
2, 3, 701, 15493
What are the prime factors of 1105082290?
2, 5, 13, 8500633
What are the prime factors of 3124464545?
5, 1409, 443501
List the prime factors of 136663919.
7, 19523417
What are the prime factors of 47318842?
2, 23659421
List the prime factors of 124878110.
2, 5, 7, 607, 2939
What are the prime factors of 6689716579?
7, 13, 31, 41, 57839
What are the prime factors of 459433202?
2, 229716601
What are the prime factors of 290398349?
1627, 178487
List the prime factors of 413130484.
2, 13, 821, 9677
What are the prime factors of 71378796?
2, 3, 43, 3217
What are the prime factors of 2572390823?
2572390823
List the prime factors of 60447047.
127, 179, 2659
List the prime factors of 2687943655.
5, 179, 1733
List the prime factors of 17422029.
3, 1935781
List the prime factors of 27964452.
2, 3, 37, 62983
What are the prime factors of 70006302?
2, 3, 1296413
What are the prime factors of 51779734?
2, 31, 349, 2393
List the prime factors of 207744365.
5, 53, 317, 2473
List the prime factors of 110970759.
3, 36990253
List the prime factors of 119466826.
2, 439, 136067
List the prime factors of 1095090408.
2, 3, 5069863
List the prime factors of 3158538097.
11, 13, 22087679
List the prime factors of 666517588.
2, 11, 15148127
List the prime factors of 22400404.
2, 13, 97, 4441
What are the prime factors of 229267367?
7, 41, 67, 11923
What are the prime factors of 4901662763?
131, 263, 142271
List the prime factors of 22325814.
2, 3, 7, 59063
What are the prime factors of 307126218?
2, 3, 7, 607, 1721
List the prime factors of 2152756059.
3, 383, 433, 4327
List the prime factors of 28438438.
2, 7, 149, 13633
What are the prime factors of 1021761804?
2, 3, 7, 12163831
What are the prime factors of 53553568?
2, 23, 72763
What are the prime factors of 121463723?
2713, 44771
List the prime factors of 2872499754.
2, 3, 14243, 33613
What are the prime factors of 3757314750?
2, 3, 5, 7, 715679
List the prime factors of 4173361732.
2, 31, 43, 127, 6163
What are the prime factors of 17310416?
2, 1081901
List the prime factors of 71711404.
2, 73, 245587
What are the prime factors of 545369878?
2, 272684939
List the prime factors of 53020559.
47, 347, 3251
List the prime factors of 204237197.
2069, 98713
What are the prime factors of 1781913459?
3, 397, 1496149
List the prime factors of 92819745.
3, 5, 17, 121333
List the prime factors of 605647365.
3, 5, 40376491
What are the prime factors of 410431524?
2, 3, 34202627
What are the prime factors of 8052029?
19, 423791
List the prime factors of 79988210.
2, 5, 479, 16699
List the prime factors of 113909156.
2, 23, 179, 6917
What are the prime factors of 107492721?
3, 7, 731243
What are the prime factors of 119593012?
2, 7, 11, 3209
List the prime factors of 11370988.
2, 37, 76831
List the prime factors of 162228910.
2, 5, 16222891
List the prime factors of 2144857624.
2, 7, 13, 227, 12979
What are the prime factors of 594012210?
2, 3, 5, 11, 1800037
List the prime factors of 16129828.
2, 11, 13, 163, 173
List the prime factors of 2020907998.
2, 103, 239, 41047
What are the prime factors of 46334836?
2, 11583709
List the prime factors of 620154875.
5, 1493, 3323
What are the prime factors of 222437161?
19, 2357, 4967
What are the prime factors of 10539909?
3, 390367
What are the prime factors of 62785829?
62785829
List the prime factors of 30129512.
2, 7, 101, 761
What are the prime factors of 967751947?
19, 50934313
List the prime factors of 1548166522.
2, 7, 107, 1033489
List the prime factors of 21719548.
2, 5429887
What are the prime factors of 55792517?
11, 53, 83, 1153
What are the prime factors of 229869321?
3, 11, 53, 167, 787
List the prime factors of 533082519.
3, 19743797
List the prime factors of 37547148.
2, 3, 97, 32257
List the prime factors of 79345491.
3, 499, 53003
What are the prime factors of 2742120353?
7, 257, 1524247
What are the prime factors of 749004966?
2, 3, 19, 73, 1579
What are the prime factors of 479866502?
2, 239933251
What are the prime factors of 20037039?
3, 11, 19, 31957
What are the prime factors of 1292702452?
2, 323175613
What are the prime factors of 7395938561?
11, 137, 457, 10739
List the prime factors of 537688520.
2, 5, 919, 14627
List the prime factors of 101734612.
2, 7, 23, 41, 3853
List the prime factors of 3190855.
5, 638171
What are the prime factors of 1488930589?
31, 48030019
What are the prime factors of 1150103495?
5, 281, 818579
What are the prime factors of 2366973?
3, 7, 37571
List the prime factors of 419620498.
2, 11, 73, 23753
What are the prime factors of 929330159?
929330159
What are the prime factors of 1939856383?
17, 114109199
What are the prime factors of 220387110?
2, 3, 5, 7346237
List the prime factors of 22876184.
2, 229, 12487
What are the prime factors of 7301524?
2, 1825381
List the prime factors of 313790781.
3, 104596927
List the prime factors of 42587377.
7, 6083911
What are the prime factors of 281107415?
5, 6581, 8543
What are the prime factors of 85741157?
9103, 9419
What are the prime factors of 130399074?
2, 3, 13, 557261
What are the prime factors of 16901329?
53, 347, 919
What are the prime factors of 1964709357?
3, 13, 233, 216211
List the prime factors of 82966475.
5, 173, 19183
What are the prime factors of 10448763?
3, 13, 37, 557
What are the prime factors of 840367763?
127, 1129, 5861
List the prime factors of 4464121684.
2, 11, 1039, 97649
List the prime factors of 53533903.
23, 613, 3797
List the prime factors of 5021834214.
2, 3, 23, 449, 81047
List the prime factors of 83304818.
2